at is u(2)?
-3
Let l(m) = -53*m**3 + 13*m**2 - 28*m + 1. Give l(2).
-427
Let x(f) = 443*f + 4911. Determine x(-11).
38
Let h(m) = m**2 - 20*m - 38. What is h(21)?
-17
Let v(y) = -y**3 + 59*y**2 + 66*y - 386. Give v(60).
-26
Let o(j) = -5*j**2 - 67*j - 63. Determine o(-6).
159
Let h(k) = 4*k**2 - 89*k - 313. What is h(26)?
77
Let j(x) = x**3 - 51*x**2 + 98*x - 56. What is j(49)?
-56
Let t(m) = 942*m - 1880. Determine t(2).
4
Let v(x) = -x**2 + 3792*x - 52905. Give v(14).
-13
Let d(l) = -l**3 - 10*l**2 - 22*l - 10. What is d(-6)?
-22
Let m(n) = -11*n - 538. What is m(-48)?
-10
Let c(t) = -18*t**3 + 11*t**2 - 11*t - 3. Calculate c(1).
-21
Let z(u) = -11511*u + 138134. Determine z(12).
2
Let j(z) = z**2 + 286*z - 3886. Determine j(13).
1
Let n(d) = -614*d - 9196. Calculate n(-15).
14
Let m(o) = 4*o**3 + 2*o**2 + 59*o + 235. Determine m(-5).
-510
Let w(n) = 32*n + 1. What is w(4)?
129
Let t(q) = q**2 - 41*q - 78. Determine t(42).
-36
Let d(m) = -30*m - 2796. Calculate d(-93).
-6
Let h(l) = -l**3 + 13*l**2 + 19*l + 6. Calculate h(14).
76
Let d(x) = -8*x**2 + 236*x + 115. What is d(30)?
-5
Let v(q) = -q**3 - 16*q**2 + 78*q + 1397. Give v(-15).
2
Let a(v) = 9*v**2 + 275*v + 62. Give a(-30).
-88
Let h(r) = -27*r + 455. Give h(6).
293
Let z(j) = j**2 - 17*j - 796. Calculate z(38).
2
Let r(s) = -105*s + 14. Determine r(-3).
329
Let y(q) = q**3 + 7*q**2 + 111. Calculate y(0).
111
Let v(t) = -604*t + 1196. Determine v(2).
-12
Let s(t) = 2*t**2 + 43*t + 6. What is s(-22)?
28
Let p(w) = w**2 - 99*w + 1459. Determine p(18).
1
Let r(k) = -k**3 - 6*k**2 + 2*k - 14. Determine r(4).
-166
Let g(r) = -r**3 + 12*r**2 - 36*r + 1. Calculate g(4).
-15
Let q(n) = 614*n + 2439. Give q(-4).
-17
Let x(i) = -i**3 - 8*i**2 - 79*i - 406. Give x(-6).
-4
Let u(l) = l**3 + 6*l**2 - 405*l - 3403. Calculate u(-9).
-1
Let h(s) = 10*s**2 - 21*s + 21. Determine h(1).
10
Let s(c) = -46*c + 476. Determine s(10).
16
Let g(p) = 13*p**3 + 3*p**2 + 22*p - 111. Calculate g(4).
857
Let k(x) = x**3 - 80*x**2 + 177*x - 1637. What is k(78)?
1
Let g(d) = 6926*d + 55406. Determine g(-8).
-2
Let b(k) = -199*k + 94. What is b(1)?
-105
Let h(n) = -n**3 - 5*n**2 - 51*n - 459. Give h(-7).
-4
Let d(f) = -2*f**3 - 10*f**2 - 9*f - 4. Give d(-4).
0
Let n(g) = -g**3 - 16*g**2 - 43*g + 3. Calculate n(-13).
55
Let a(j) = -j**3 - 10*j**2 - 11*j - 5. Calculate a(-9).
13
Let r(i) = 27*i + 655. Give r(-30).
-155
Let r(h) = 2*h - 98. Give r(2).
-94
Let t(q) = -q**2 - 59*q + 274. Calculate t(4).
22
Let q(m) = -m**2 + 37*m + 293. Determine q(44).
-15
Let g(b) = -b**3 + 24*b**2 - 86*b - 2. Determine g(5).
43
Let p(q) = -3*q**2 - 1453*q + 2424. Calculate p(-486).
-6
Let z(h) = -3*h**2 + 413*h + 411. Give z(-1).
-5
Let b(x) = 28*x + 82. Calculate b(-8).
-142
Let z(m) = -335*m - 4388. Determine z(-13).
-33
Let v(x) = x**2 - 51*x - 229. Give v(55).
-9
Let c(y) = -11*y**2 - 1288*y - 99. Calculate c(-117).
18
Let m(a) = -185*a + 433. Give m(2).
63
Let t(f) = -f**3 - 24*f**2 - 32*f - 215. Determine t(-23).
-8
Let u(r) = -r**2 - 37*r - 210. Determine u(-30).
0
Let v(f) = 562*f - 11268. What is v(20)?
-28
Let t(i) = -5*i**2 + 847*i + 501. Determine t(170).
-9
Let l(i) = i**2 + 25*i - 1420. Give l(28).
64
Let k(j) = 7*j**2 - 109*j + 43. Determine k(15).
-17
Let f(s) = s**3 - 15*s**2 - 5*s + 2. Determine f(2).
-60
Let p(b) = b**2 - 221*b + 653. What is p(3)?
-1
Let b(j) = -4*j**3 + 162*j**2 - 80*j + 103. Calculate b(40).
103
Let l(f) = -f**3 - 21*f**2 - 12*f - 259. Give l(-21).
-7
Let q(h) = -146*h + 7570. Determine q(52).
-22
Let i(y) = 2*y**2 + 131*y + 1064. What is i(-56)?
0
Let x(c) = 2*c**2 - 34*c - 88. Calculate x(20).
32
Let c(n) = -3*n**3 + n**2 - n - 16. What is c(-3)?
77
Let w(q) = 31*q + 23. Give w(-3).
-70
Let l(d) = 2967*d + 35609. Determine l(-12).
5
Let c(k) = 5*k - 632. Give c(122).
-22
Let a(f) = 634*f - 2548. What is a(4)?
-12
Let o(g) = 84*g - 1095. Give o(13).
-3
Let o(u) = u**3 + 2*u**2 - 59*u - 173. Give o(-3).
-5
Let j(h) = h**3 - 11*h**2 + 619*h - 7585. What is j(12)?
-13
Let l(z) = -3826*z - 31. Give l(0).
-31
Let z(h) = -2*h**3 + 75*h**2 + 122*h + 23. Determine z(39).
218
Let z(i) = -324*i - 2297. Give z(-7).
-29
Let u(q) = -1636*q + 70332. Determine u(43).
-16
Let o(s) = -s**2 + 53*s - 229. What is o(44)?
167
Let v(c) = -c**3 - 9*c**2 + 9*c + 73. Give v(-9).
-8
Let p(s) = 18*s**2 - 3214*s - 1437. Give p(179).
-5
Let r(t) = -135*t + 61. Calculate r(-1).
196
Let o(p) = -13*p - 247. Calculate o(-6).
-169
Let q(r) = -r**3 + 162*r**2 + 220*r - 9243. Determine q(163).
48
Let w(h) = h**2 + h - 48. What is w(-5)?
-28
Let n(j) = 97*j - 2564. Give n(27).
55
Let c(y) = -2*y**2 - 32*y - 92. Give c(-4).
4
Let f(l) = -l**3 - 2*l**2 + 8*l + 187. Give f(0).
187
Let c(g) = 3*g**3 - 63*g**2 + g - 28. Determine c(21).
-7
Let k(p) = -62*p + 123. What is k(2)?
-1
Let i(g) = 4*g + 165. Determine i(4).
181
Let v(q) = -q**2 + 101*q + 3296. What is v(-26)?
-6
Let a(j) = -3*j**2 + 17*j - 17. What is a(6)?
-23
Let t(u) = 10*u - 82. Give t(12).
38
Let a(v) = 73*v + 504. Calculate a(-7).
-7
Let t(v) = 83*v**3 + v**2 + 2*v + 2. What is t(-1)?
-82
Let h(r) = r**2 + 45*r + 242. Calculate h(-38).
-24
Let y(r) = -7*r - 55. Calculate y(-7).
-6
Let l(q) = -4*q**3 - 87*q**2 - 55*q + 159. Determine l(-21).
-9
Let r(g) = -8*g**3 - 25*g**2 + g + 24. Calculate r(-3).
12
Let o(p) = 4182*p - 100371. Determine o(24).
-3
Let a(y) = -13*y**2 + 1208*y + 223. Give a(93).
130
Let x(b) = -11*b**2 - 114*b + 11. Give x(-13).
-366
Let l(h) = -18*h - 405. What is l(-21)?
-27
Let h(q) = -q**2 + 144*q - 3745. Calculate h(110).
-5
Let r(g) = 2*g**3 + 3*g**2 - 326*g + 32. Give r(12).
8
Let v(q) = 1790*q - 19713. Determine v(11).
-23
Let q(x) = -x**2 - x. Calculate q(4).
-20
Let g(m) = -4*m**2 - 16*m - 92. Calculate g(-7).
-176
Let w(m) = m**2 - 15*m - 100. Calculate w(-5).
0
Let c(s) = -6*s**3 - s**2 - 4*s + 4. Calculate c(3).
-179
Let b(v) = 4026*v + 8051. Calculate b(-2).
-1
Let o(b) = -120*b**2 + 19*b - 2. What is o(-3)?
-1139
Let t(q) = -2*q + 68. Give t(20).
28
Let f(o) = 2*o**2 - 104*o + 242. Calculate f(51).
140
Let x(p) = -11*p - 19. What is x(-19)?
190
Let a(l) = -48*l**2 - 238*l + 13. Give a(-5).
3
Let f(r) = -r**2 + 298*r - 16728. Determine f(223).
-3
Let o(n) = -8*n**2 + 111*n + 214. What is o(-2)?
-40
Let h(z) = -4*z**2 - 79*z - 229. Determine h(-16).
11
Let t(b) = 2*b**2 - 30*b - 91. What is t(17)?
-23
Let j(f) = 225*f - 18679. Determine j(83).
-4
Let n(w) = -3*w**2 + 31*w + 2986. Calculate n(37).
26
Let d(b) = -195*b - 2127. Calculate d(-10).
-177
Let w(r) = 12*r**2 - 451*r + 2982. Give w(29).
-5
Let u(g) = -3*g**2 + 28*g + 126. Give u(14).
-70
Let v(o) = -12*o - 52. Calculate v(-9).
56
Let h(a) = 171*a**2 + a + 2. Determine h(1).
174
Let v(t) = 16*t**2 - 94*t - 16. Determine v(6).
-4
Let m(j) = -j**2 - 39*j + 4446. Determine m(50).
-4
Let k(b) = 2032*b + 16277. Calculate k(-8).
21
Let p(t) = 75*t + 299. What is p(-4)?
-1
Let x(p) = 279*p**2 - 2253*p + 163. Determine x(8).
-5
Let w(m) = -1948*m + 13655. What is w(7)?
19
Let a(u) = -146*u + 807. Determine a(6).
-69
Let x(z) = 126*z - 1505. Determine x(12).
7
Let f(h) = h**3 - 13*h**2 - 119*h + 98. Calculate f(19).
3
Let m(t) = t**2 + 85*t + 880. Determine m(-12).
4
Let n(g) = -27*g + 129. Determine n(5).
-6
Let w(b) = b**2 - 344*b + 29550. What is w(166)?
2
Let v(f) = -79*f - 3369. Determine v(-43).
28
Let r(m) = -m**3 - 63*m**2 - 2*m - 83. Calculate r(-63).
43
Let v(a) = -4*a**3 + 211*a**2 - 154*a - 106. Give v(52).
-2
Let i(y) = -y**3 + 81*y**2 + 174*y + 302. Determine i(83).
966
Let k(n) = -n**3 + 12*n**2 - 13*n + 41. Calculate k(9).
167
Let z(i) = 30*i**2 - 264*i - 70. Calculate z(9).
-16
Let x(a) = -a**2 + 76*a + 761. Determine x(-9).
-4
Let h(l) = -l**2 - 102*l - 5. Calculate h(-102).
-5
Let o(n) = -n**3 - 158*n**2 - 3430*n + 45. Give o(-26).
-7
Let s(a) = a**3 + 12*a**2 + 20*a + 9. Determine s(-8).
105
Let q(n) = -1859*n + 13004. Determine q(7).
-9
Let f(n) = -n**3 - 25*n**2 - 100*n - 1. Determine f(-5).
-1
Let u(c) = -7*c**2 + 15*c + 5. Determine u(7).
-233
Let l(h) = h**3 - 196*h**2 - 2*h + 257. Give l(196).
-135
Let m(t) = -10*t - 432. What is m(-21)?
-222
Let o(u) = 4658*u + 27943. Calculate o(-6).
-5
Let x(w) = -2*w**3 - 3*w**2 - 3*w - 1. Determine x(-4).
91
Let u(n) = -n**3 -